CRAN Package Check Results for Package vdmR

Last updated on 2019-09-19 10:48:06 CEST.

Flavor Version Tinstall Tcheck Ttotal Status Flags
r-devel-linux-x86_64-debian-clang 0.2.6 3.01 57.07 60.08 OK
r-devel-linux-x86_64-debian-gcc 0.2.6 2.40 44.49 46.89 OK
r-devel-linux-x86_64-fedora-clang 0.2.6 71.70 NOTE
r-devel-linux-x86_64-fedora-gcc 0.2.6 74.05 NOTE
r-devel-windows-ix86+x86_64 0.2.6 12.00 102.00 114.00 OK
r-patched-linux-x86_64 0.2.6 2.50 55.89 58.39 OK
r-patched-solaris-x86 0.2.6 103.40 NOTE
r-release-linux-x86_64 0.2.6 2.42 57.25 59.67 OK
r-release-windows-ix86+x86_64 0.2.6 8.00 111.00 119.00 OK
r-release-osx-x86_64 0.2.6 NOTE
r-oldrel-windows-ix86+x86_64 0.2.6 4.00 72.00 76.00 OK
r-oldrel-osx-x86_64 0.2.6 NOTE

Check Details

Version: 0.2.6
Check: dependencies in R code
Result: NOTE
    Namespaces in Imports field not imported from:
     ‘Rdpack’ ‘maptools’ ‘rgeos’
     All declared Imports should be used.
Flavors: r-devel-linux-x86_64-fedora-clang, r-devel-linux-x86_64-fedora-gcc, r-patched-solaris-x86, r-release-osx-x86_64, r-oldrel-osx-x86_64