CRAN Package Check Results for Package vegan

Last updated on 2019-08-22 20:47:34 CEST.

Flavor Version Tinstall Tcheck Ttotal Status Flags
r-devel-linux-x86_64-debian-clang 2.5-5 34.67 268.04 302.71 WARN
r-devel-linux-x86_64-debian-gcc 2.5-5 29.29 205.32 234.61 WARN
r-devel-linux-x86_64-fedora-clang 2.5-5 357.56 WARN
r-devel-linux-x86_64-fedora-gcc 2.5-5 395.85 WARN
r-devel-windows-ix86+x86_64 2.5-5 99.00 521.00 620.00 WARN
r-patched-linux-x86_64 2.5-5 36.08 263.07 299.15 WARN
r-patched-solaris-x86 2.5-5 435.10 WARN
r-release-linux-x86_64 2.5-5 32.27 271.18 303.45 WARN
r-release-windows-ix86+x86_64 2.5-5 86.00 459.00 545.00 WARN
r-release-osx-x86_64 2.5-5 OK
r-oldrel-windows-ix86+x86_64 2.5-5 83.00 277.00 360.00 WARN
r-oldrel-osx-x86_64 2.5-5 OK

Check Details

Version: 2.5-5
Check: Rd cross-references
Result: WARN
    Missing link or links in documentation object 'oecosimu.Rd':
     '[labdsv]{rndtaxa}'
    
    See section 'Cross-references' in the 'Writing R Extensions' manual.
Flavors: r-devel-linux-x86_64-debian-clang, r-devel-linux-x86_64-debian-gcc, r-devel-linux-x86_64-fedora-clang, r-devel-linux-x86_64-fedora-gcc, r-devel-windows-ix86+x86_64, r-patched-linux-x86_64, r-patched-solaris-x86, r-release-linux-x86_64, r-release-windows-ix86+x86_64, r-oldrel-windows-ix86+x86_64