CRAN Package Check Results for Package vennLasso

Last updated on 2019-09-23 04:46:35 CEST.

Flavor Version Tinstall Tcheck Ttotal Status Flags
r-devel-linux-x86_64-debian-clang 0.1.5 72.48 177.00 249.48 OK
r-devel-linux-x86_64-debian-gcc 0.1.5 72.12 133.53 205.65 OK
r-devel-linux-x86_64-fedora-clang 0.1.5 339.61 WARN
r-devel-linux-x86_64-fedora-gcc 0.1.5 278.20 OK
r-devel-windows-ix86+x86_64 0.1.5 166.00 261.00 427.00 OK
r-patched-linux-x86_64 0.1.5 84.72 172.53 257.25 OK
r-patched-solaris-x86 0.1.5 423.40 OK
r-release-linux-x86_64 0.1.5 76.68 175.28 251.96 OK
r-release-windows-ix86+x86_64 0.1.5 158.00 296.00 454.00 OK
r-release-osx-x86_64 0.1.5 NOTE
r-oldrel-windows-ix86+x86_64 0.1.5 112.00 223.00 335.00 OK
r-oldrel-osx-x86_64 0.1.5 NOTE

Check Details

Version: 0.1.5
Check: whether package can be installed
Result: WARN
    Found the following significant warnings:
     ./DataStd.h:149:60: warning: 'bind2nd<std::__1::minus<double>, double>' is deprecated [-Wdeprecated-declarations]
     ./DataStd.h:151:60: warning: 'bind2nd<std::__1::multiplies<double>, double>' is deprecated [-Wdeprecated-declarations]
Flavor: r-devel-linux-x86_64-fedora-clang

Version: 0.1.5
Check: installed package size
Result: NOTE
     installed size is 24.7Mb
     sub-directories of 1Mb or more:
     libs 24.2Mb
Flavors: r-devel-linux-x86_64-fedora-clang, r-release-osx-x86_64, r-oldrel-osx-x86_64