CRAN Package Check Results for Package vfinputs

Last updated on 2021-04-16 08:48:46 CEST.

Flavor Version Tinstall Tcheck Ttotal Status Flags
r-devel-linux-x86_64-debian-clang 0.1.0 3.20 36.42 39.62 NOTE
r-devel-linux-x86_64-debian-gcc 0.1.0 2.75 29.07 31.82 NOTE
r-devel-linux-x86_64-fedora-clang 0.1.0 57.57 NOTE
r-devel-linux-x86_64-fedora-gcc 0.1.0 47.95 NOTE
r-devel-windows-ix86+x86_64 0.1.0 13.00 51.00 64.00 NOTE
r-devel-windows-x86_64-gcc10-UCRT 0.1.0 NOTE
r-patched-linux-x86_64 0.1.0 3.92 35.24 39.16 OK
r-patched-solaris-x86 0.1.0 78.30 OK
r-release-linux-x86_64 0.1.0 3.91 35.83 39.74 OK
r-release-macos-x86_64 0.1.0 OK
r-release-windows-ix86+x86_64 0.1.0 35.00 62.00 97.00 OK
r-oldrel-macos-x86_64 0.1.0 OK
r-oldrel-windows-ix86+x86_64 0.1.0 6.00 55.00 61.00 OK

Check Details

Version: 0.1.0
Check: LazyData
Result: NOTE
     'LazyData' is specified without a 'data' directory
Flavors: r-devel-linux-x86_64-debian-clang, r-devel-linux-x86_64-debian-gcc, r-devel-linux-x86_64-fedora-clang, r-devel-linux-x86_64-fedora-gcc, r-devel-windows-ix86+x86_64, r-devel-windows-x86_64-gcc10-UCRT