CRAN Package Check Results for Package viafr

Last updated on 2021-04-16 13:50:41 CEST.

Flavor Version Tinstall Tcheck Ttotal Status Flags
r-devel-linux-x86_64-debian-clang 0.2.0 4.30 56.51 60.81 OK
r-devel-linux-x86_64-debian-gcc 0.2.0 3.52 41.88 45.40 OK
r-devel-linux-x86_64-fedora-clang 0.2.0 80.57 NOTE
r-devel-linux-x86_64-fedora-gcc 0.2.0 67.95 NOTE
r-devel-windows-ix86+x86_64 0.2.0 13.00 77.00 90.00 OK
r-devel-windows-x86_64-gcc10-UCRT 0.2.0 ERROR
r-patched-linux-x86_64 0.2.0 3.98 52.68 56.66 OK
r-patched-solaris-x86 0.2.0 106.90 NOTE
r-release-linux-x86_64 0.2.0 3.24 53.31 56.55 OK
r-release-macos-x86_64 0.2.0 NOTE
r-release-windows-ix86+x86_64 0.2.0 12.00 89.00 101.00 OK
r-oldrel-macos-x86_64 0.2.0 NOTE
r-oldrel-windows-ix86+x86_64 0.2.0 7.00 88.00 95.00 OK

Check Details

Version: 0.2.0
Check: data for non-ASCII characters
Result: NOTE
     Note: found 2 marked UTF-8 strings
Flavors: r-devel-linux-x86_64-fedora-clang, r-devel-linux-x86_64-fedora-gcc, r-devel-windows-x86_64-gcc10-UCRT, r-patched-solaris-x86, r-release-macos-x86_64, r-oldrel-macos-x86_64

Version: 0.2.0
Check: tests
Result: ERROR
     Running 'testthat.R'
    Running the tests in 'tests/testthat.R' failed.
    Last 13 lines of output:
     5. +-viafr::viaf_get(list("102333412"))
     6. | +-map(query, viaf_retrieve, ...) %>% map(get_identifier) %>% dplyr::bind_rows()
     7. | \-purrr::map(query, viaf_retrieve, ...)
     8. | \-viafr:::.f(.x[[i]], ...)
     9. | \-cli$get(query = args)
     10. | \-private$make_request(rr)
     11. | \-crul:::crul_fetch(opts)
     12. | \-curl::curl_fetch_memory(x$url$url, handle = x$url$handle)
     13. +-dplyr::bind_rows(.)
     14. | \-rlang::list2(...)
     15. \-purrr::map(., get_identifier)
    
     [ FAIL 1 | WARN 31 | SKIP 0 | PASS 43 ]
     Error: Test failures
     Execution halted
Flavor: r-devel-windows-x86_64-gcc10-UCRT