Last updated on 2023-11-30 06:52:44 CET.
Flavor | Version | Tinstall | Tcheck | Ttotal | Status | Flags |
---|---|---|---|---|---|---|
r-devel-linux-x86_64-debian-clang | 0.7.0 | 9.39 | 83.70 | 93.09 | NOTE | |
r-devel-linux-x86_64-debian-gcc | 0.7.0 | 8.98 | 62.53 | 71.51 | NOTE | |
r-devel-linux-x86_64-fedora-clang | 0.7.0 | 116.56 | NOTE | |||
r-devel-linux-x86_64-fedora-gcc | 0.7.0 | 109.34 | NOTE | |||
r-devel-windows-x86_64 | 0.7.0 | 11.00 | 81.00 | 92.00 | NOTE | |
r-patched-linux-x86_64 | 0.7.0 | 10.20 | 78.73 | 88.93 | OK | |
r-release-linux-x86_64 | 0.7.0 | 8.58 | 79.82 | 88.40 | OK | |
r-release-macos-arm64 | 0.7.0 | 21.00 | OK | |||
r-release-macos-x86_64 | 0.7.0 | 49.00 | OK | |||
r-release-windows-x86_64 | 0.7.0 | 14.00 | 94.00 | 108.00 | OK | |
r-oldrel-macos-arm64 | 0.7.0 | 22.00 | OK | |||
r-oldrel-macos-x86_64 | 0.7.0 | 49.00 | OK | |||
r-oldrel-windows-x86_64 | 0.7.0 | 15.00 | 97.00 | 112.00 | OK |
Version: 0.7.0
Check: Rd \usage sections
Result: NOTE
Documented arguments not in \usage in Rd file 'boxplot_VICI.Rd':
‘res_2plot’
Functions with \usage entries need to have the appropriate \alias
entries, and all their arguments documented.
The \usage entries must correspond to syntactically valid R code.
See chapter ‘Writing R documentation files’ in the ‘Writing R
Extensions’ manual.
Flavors: r-devel-linux-x86_64-debian-clang, r-devel-linux-x86_64-debian-gcc, r-devel-linux-x86_64-fedora-clang, r-devel-linux-x86_64-fedora-gcc, r-devel-windows-x86_64