CRAN Package Check Results for Package vip

Last updated on 2022-01-23 05:01:38 CET.

Flavor Version Tinstall Tcheck Ttotal Status Flags
r-devel-linux-x86_64-debian-clang 0.3.2 4.74 179.75 184.49 NOTE
r-devel-linux-x86_64-debian-gcc 0.3.2 3.65 136.20 139.85 NOTE
r-devel-linux-x86_64-fedora-clang 0.3.2 199.76 NOTE
r-devel-linux-x86_64-fedora-gcc 0.3.2 212.18 NOTE
r-devel-windows-x86_64-new-UL 0.3.2 43.00 202.00 245.00 NOTE
r-devel-windows-x86_64-new-TK 0.3.2 NOTE
r-patched-linux-x86_64 0.3.2 3.88 159.88 163.76 NOTE
r-release-linux-x86_64 0.3.2 3.63 157.51 161.14 NOTE
r-release-macos-arm64 0.3.2 NOTE
r-release-macos-x86_64 0.3.2 NOTE
r-release-windows-ix86+x86_64 0.3.2 9.00 177.00 186.00 NOTE
r-oldrel-macos-x86_64 0.3.2 OK
r-oldrel-windows-ix86+x86_64 0.3.2 10.00 185.00 195.00 OK

Additional issues

noSuggests

Check Details

Version: 0.3.2
Check: LazyData
Result: NOTE
     'LazyData' is specified without a 'data' directory
Flavors: r-devel-linux-x86_64-debian-clang, r-devel-linux-x86_64-debian-gcc, r-devel-linux-x86_64-fedora-clang, r-devel-linux-x86_64-fedora-gcc, r-devel-windows-x86_64-new-UL, r-devel-windows-x86_64-new-TK, r-patched-linux-x86_64, r-release-linux-x86_64, r-release-macos-arm64, r-release-macos-x86_64, r-release-windows-ix86+x86_64

Version: 0.3.2
Check: Rd cross-references
Result: NOTE
    Undeclared package ‘foreach’ in Rd xrefs
Flavor: r-devel-linux-x86_64-fedora-clang