CRAN Package Check Results for Package viridis

Last updated on 2022-11-30 10:51:53 CET.

Flavor Version Tinstall Tcheck Ttotal Status Flags
r-devel-linux-x86_64-debian-clang 0.6.2 6.01 85.32 91.33 OK
r-devel-linux-x86_64-debian-gcc 0.6.2 4.61 64.43 69.04 OK
r-devel-linux-x86_64-fedora-clang 0.6.2 126.45 NOTE
r-devel-linux-x86_64-fedora-gcc 0.6.2 134.59 NOTE
r-devel-windows-x86_64 0.6.2 18.00 88.00 106.00 OK --no-vignettes
r-patched-linux-x86_64 0.6.2 5.83 79.93 85.76 OK
r-release-linux-x86_64 0.6.2 5.35 81.02 86.37 OK
r-release-macos-arm64 0.6.2 37.00 NOTE
r-release-macos-x86_64 0.6.2 65.00 NOTE
r-release-windows-x86_64 0.6.2 17.00 92.00 109.00 OK --no-vignettes
r-oldrel-macos-arm64 0.6.2 38.00 NOTE
r-oldrel-macos-x86_64 0.6.2 47.00 NOTE
r-oldrel-windows-ix86+x86_64 0.6.2 14.00 164.00 178.00 OK

Check Details

Version: 0.6.2
Check: dependencies in R code
Result: NOTE
    Namespace in Imports field not imported from: ‘stats’
     All declared Imports should be used.
Flavors: r-devel-linux-x86_64-fedora-clang, r-devel-linux-x86_64-fedora-gcc, r-release-macos-arm64, r-release-macos-x86_64, r-oldrel-macos-arm64, r-oldrel-macos-x86_64