CRAN Package Check Results for Package viridis

Last updated on 2019-12-13 23:51:09 CET.

Flavor Version Tinstall Tcheck Ttotal Status Flags
r-devel-linux-x86_64-debian-clang 0.5.1 3.53 56.84 60.37 OK
r-devel-linux-x86_64-debian-gcc 0.5.1 2.72 44.34 47.06 OK
r-devel-linux-x86_64-fedora-clang 0.5.1 74.10 NOTE
r-devel-linux-x86_64-fedora-gcc 0.5.1 72.56 NOTE
r-devel-windows-ix86+x86_64 0.5.1 11.00 72.00 83.00 OK --no-vignettes
r-devel-windows-ix86+x86_64-gcc8 0.5.1 13.00 75.00 88.00 OK --no-vignettes
r-patched-linux-x86_64 0.5.1 2.77 51.08 53.85 OK
r-patched-solaris-x86 0.5.1 101.10 NOTE
r-release-linux-x86_64 0.5.1 3.07 52.30 55.37 OK
r-release-windows-ix86+x86_64 0.5.1 10.00 53.00 63.00 OK --no-vignettes
r-release-osx-x86_64 0.5.1 NOTE
r-oldrel-windows-ix86+x86_64 0.5.1 6.00 79.00 85.00 OK --no-vignettes
r-oldrel-osx-x86_64 0.5.1 NOTE

Check Details

Version: 0.5.1
Check: dependencies in R code
Result: NOTE
    Namespace in Imports field not imported from: ‘stats’
     All declared Imports should be used.
Flavors: r-devel-linux-x86_64-fedora-clang, r-devel-linux-x86_64-fedora-gcc, r-patched-solaris-x86, r-release-osx-x86_64, r-oldrel-osx-x86_64