CRAN Package Check Results for Package viromeBrowser

Last updated on 2020-11-27 19:49:01 CET.

Flavor Version Tinstall Tcheck Ttotal Status Flags
r-devel-linux-x86_64-debian-clang 1.0.0 20.61 181.56 202.17 OK
r-devel-linux-x86_64-debian-gcc 1.0.0 17.69 131.82 149.51 OK
r-devel-linux-x86_64-fedora-clang 1.0.0 245.68 NOTE
r-devel-linux-x86_64-fedora-gcc 1.0.0 237.02 NOTE
r-devel-windows-ix86+x86_64 1.0.0 48.00 141.00 189.00 OK
r-patched-linux-x86_64 1.0.0 21.01 174.93 195.94 OK
r-patched-solaris-x86 1.0.0 325.40 NOTE
r-release-linux-x86_64 1.0.0 19.82 167.92 187.74 OK
r-release-macos-x86_64 1.0.0 NOTE
r-release-windows-ix86+x86_64 1.0.0 50.00 201.00 251.00 OK
r-oldrel-macos-x86_64 1.0.0 ERROR
r-oldrel-windows-ix86+x86_64 1.0.0 34.00 161.00 195.00 OK

Check Details

Version: 1.0.0
Check: dependencies in R code
Result: NOTE
    Namespaces in Imports field not imported from:
     ‘DT’ ‘plyr’ ‘reshape’
     All declared Imports should be used.
Flavors: r-devel-linux-x86_64-fedora-clang, r-devel-linux-x86_64-fedora-gcc, r-patched-solaris-x86, r-release-macos-x86_64

Version: 1.0.0
Check: whether package can be installed
Result: ERROR
    Installation failed.
Flavor: r-oldrel-macos-x86_64