CRAN Package Check Results for Package visNetwork

Last updated on 2019-09-17 06:48:41 CEST.

Flavor Version Tinstall Tcheck Ttotal Status Flags
r-devel-linux-x86_64-debian-clang 2.0.8 9.67 61.26 70.93 OK
r-devel-linux-x86_64-debian-gcc 2.0.8 OK
r-devel-linux-x86_64-fedora-clang 2.0.8 84.15 NOTE
r-devel-linux-x86_64-fedora-gcc 2.0.8 83.07 OK
r-devel-windows-ix86+x86_64 2.0.8 24.00 118.00 142.00 NOTE
r-patched-linux-x86_64 2.0.8 8.17 60.74 68.91 OK
r-patched-solaris-x86 2.0.8 112.80 WARN
r-release-linux-x86_64 2.0.8 8.37 62.73 71.10 OK
r-release-windows-ix86+x86_64 2.0.8 21.00 94.00 115.00 NOTE
r-release-osx-x86_64 2.0.8 WARN
r-oldrel-windows-ix86+x86_64 2.0.8 24.00 91.00 115.00 NOTE
r-oldrel-osx-x86_64 2.0.8 WARN

Check Details

Version: 2.0.8
Check: installed package size
Result: NOTE
     installed size is 11.2Mb
     sub-directories of 1Mb or more:
     doc 4.3Mb
     docjs 1.4Mb
     htmlwidgets 4.0Mb
Flavors: r-devel-linux-x86_64-fedora-clang, r-devel-windows-ix86+x86_64, r-patched-solaris-x86, r-release-windows-ix86+x86_64, r-release-osx-x86_64, r-oldrel-windows-ix86+x86_64, r-oldrel-osx-x86_64

Version: 2.0.8
Check: re-building of vignette outputs
Result: WARN
    Error(s) in re-building vignettes:
     ...
    --- re-building ‘Introduction-to-visNetwork.Rmd’ using rmarkdown
    Warning in engine$weave(file, quiet = quiet, encoding = enc) :
     Pandoc (>= 1.12.3) and/or pandoc-citeproc not available. Falling back to R Markdown v1.
    Quitting from lines 22-27 (Introduction-to-visNetwork.Rmd)
    Error: processing vignette 'Introduction-to-visNetwork.Rmd' failed with diagnostics:
    cannot open the connection
    --- failed re-building ‘Introduction-to-visNetwork.Rmd’
    
    SUMMARY: processing the following file failed:
     ‘Introduction-to-visNetwork.Rmd’
    
    Error: Vignette re-building failed.
    Execution halted
Flavors: r-patched-solaris-x86, r-release-osx-x86_64

Version: 2.0.8
Check: re-building of vignette outputs
Result: WARN
    Error in re-building vignettes:
     ...
    Warning in engine$weave(file, quiet = quiet, encoding = enc) :
     Pandoc (>= 1.12.3) and/or pandoc-citeproc not available. Falling back to R Markdown v1.
    Quitting from lines 22-27 (Introduction-to-visNetwork.Rmd)
    Error: processing vignette 'Introduction-to-visNetwork.Rmd' failed with diagnostics:
    cannot open the connection
    Execution halted
Flavor: r-oldrel-osx-x86_64