CRAN Package Check Results for Package vita

Last updated on 2020-06-05 20:48:53 CEST.

Flavor Version Tinstall Tcheck Ttotal Status Flags
r-devel-linux-x86_64-debian-clang 1.0.0 30.41 39.80 70.21 OK
r-devel-linux-x86_64-debian-gcc 1.0.0 24.45 31.41 55.86 OK
r-devel-linux-x86_64-fedora-clang 1.0.0 103.16 NOTE
r-devel-linux-x86_64-fedora-gcc 1.0.0 89.37 NOTE
r-devel-windows-ix86+x86_64 1.0.0 80.00 107.00 187.00 OK
r-patched-linux-x86_64 1.0.0 25.46 38.85 64.31 OK
r-patched-solaris-x86 1.0.0 111.40 OK
r-release-linux-x86_64 1.0.0 24.93 38.42 63.35 OK
r-release-osx-x86_64 1.0.0 OK
r-release-windows-ix86+x86_64 1.0.0 65.00 114.00 179.00 OK
r-oldrel-osx-x86_64 1.0.0 OK
r-oldrel-windows-ix86+x86_64 1.0.0 79.00 82.00 161.00 OK

Check Details

Version: 1.0.0
Check: compiled code
Result: NOTE
    File ‘vita/libs/vita.so’:
     Found no calls to: ‘R_registerRoutines’, ‘R_useDynamicSymbols’
    
    It is good practice to register native routines and to disable symbol
    search.
    
    See ‘Writing portable packages’ in the ‘Writing R Extensions’ manual.
Flavors: r-devel-linux-x86_64-fedora-clang, r-devel-linux-x86_64-fedora-gcc