CRAN Package Check Results for Package vita

Last updated on 2019-09-23 17:47:20 CEST.

Flavor Version Tinstall Tcheck Ttotal Status Flags
r-devel-linux-x86_64-debian-clang 1.0.0 23.38 36.75 60.13 OK
r-devel-linux-x86_64-debian-gcc 1.0.0 19.85 29.33 49.18 OK
r-devel-linux-x86_64-fedora-clang 1.0.0 91.66 NOTE
r-devel-linux-x86_64-fedora-gcc 1.0.0 83.21 NOTE
r-devel-windows-ix86+x86_64 1.0.0 73.00 72.00 145.00 OK
r-patched-linux-x86_64 1.0.0 23.46 35.43 58.89 OK
r-patched-solaris-x86 1.0.0 103.40 OK
r-release-linux-x86_64 1.0.0 23.10 35.70 58.80 OK
r-release-windows-ix86+x86_64 1.0.0 73.00 98.00 171.00 OK
r-release-osx-x86_64 1.0.0 OK
r-oldrel-windows-ix86+x86_64 1.0.0 48.00 74.00 122.00 OK
r-oldrel-osx-x86_64 1.0.0 OK

Check Details

Version: 1.0.0
Check: compiled code
Result: NOTE
    File ‘vita/libs/vita.so’:
     Found no calls to: ‘R_registerRoutines’, ‘R_useDynamicSymbols’
    
    It is good practice to register native routines and to disable symbol
    search.
    
    See ‘Writing portable packages’ in the ‘Writing R Extensions’ manual.
Flavors: r-devel-linux-x86_64-fedora-clang, r-devel-linux-x86_64-fedora-gcc