Last updated on 2023-09-25 16:03:54 CEST.
Flavor | Version | Tinstall | Tcheck | Ttotal | Status | Flags |
---|---|---|---|---|---|---|
r-devel-linux-x86_64-debian-clang | 0.4.1 | 20.84 | 290.64 | 311.48 | OK | |
r-devel-linux-x86_64-debian-gcc | 0.4.1 | 18.01 | 216.51 | 234.52 | OK | |
r-devel-linux-x86_64-fedora-clang | 0.4.1 | 375.88 | NOTE | |||
r-devel-linux-x86_64-fedora-gcc | 0.4.1 | 400.90 | NOTE | |||
r-devel-windows-x86_64 | 0.4.1 | 22.00 | 254.00 | 276.00 | OK | |
r-patched-linux-x86_64 | 0.4.1 | 29.01 | 278.08 | 307.09 | OK | |
r-release-linux-x86_64 | 0.4.1 | 14.03 | 276.32 | 290.35 | OK | |
r-release-macos-arm64 | 0.4.1 | 96.00 | OK | |||
r-release-macos-x86_64 | 0.4.1 | 249.00 | OK | |||
r-release-windows-x86_64 | 0.4.1 | 26.00 | 326.00 | 352.00 | OK | |
r-oldrel-macos-arm64 | 0.4.1 | 102.00 | OK | |||
r-oldrel-macos-x86_64 | 0.4.1 | 130.00 | OK | |||
r-oldrel-windows-x86_64 | 0.4.1 | 29.00 | 302.00 | 331.00 | OK |
Version: 0.4.1
Check: data for non-ASCII characters
Result: NOTE
Note: found 52 marked UTF-8 strings
Flavors: r-devel-linux-x86_64-fedora-clang, r-devel-linux-x86_64-fedora-gcc