CRAN Package Check Results for Package volleystat

Last updated on 2020-12-03 17:50:38 CET.

Flavor Version Tinstall Tcheck Ttotal Status Flags
r-devel-linux-x86_64-debian-clang 0.2.0 2.99 37.26 40.25 OK
r-devel-linux-x86_64-debian-gcc 0.2.0 2.70 32.57 35.27 OK
r-devel-linux-x86_64-fedora-clang 0.2.0 54.75 NOTE
r-devel-linux-x86_64-fedora-gcc 0.2.0 46.12 NOTE
r-devel-windows-ix86+x86_64 0.2.0 7.00 42.00 49.00 OK
r-patched-linux-x86_64 0.2.0 3.17 39.34 42.51 OK
r-patched-solaris-x86 0.2.0 71.00 NOTE
r-release-linux-x86_64 0.2.0 3.42 39.40 42.82 OK
r-release-macos-x86_64 0.2.0 NOTE
r-release-windows-ix86+x86_64 0.2.0 5.00 48.00 53.00 OK
r-oldrel-macos-x86_64 0.2.0 NOTE
r-oldrel-windows-ix86+x86_64 0.2.0 4.00 54.00 58.00 OK

Check Details

Version: 0.2.0
Check: data for non-ASCII characters
Result: NOTE
     Note: found 4954 marked UTF-8 strings
Flavors: r-devel-linux-x86_64-fedora-clang, r-devel-linux-x86_64-fedora-gcc, r-patched-solaris-x86, r-release-macos-x86_64, r-oldrel-macos-x86_64