Last updated on 2022-06-27 14:53:59 CEST.
Flavor | Version | Tinstall | Tcheck | Ttotal | Status | Flags |
---|---|---|---|---|---|---|
r-devel-linux-x86_64-debian-clang | 1.3.5 | 15.43 | 162.78 | 178.21 | NOTE | |
r-devel-linux-x86_64-debian-gcc | 1.3.5 | 13.78 | 123.73 | 137.51 | NOTE | |
r-devel-linux-x86_64-fedora-clang | 1.3.5 | 217.05 | NOTE | |||
r-devel-linux-x86_64-fedora-gcc | 1.3.5 | 214.91 | NOTE | |||
r-devel-windows-x86_64 | 1.3.5 | 25.00 | 182.00 | 207.00 | NOTE | |
r-patched-linux-x86_64 | 1.3.5 | 13.74 | 155.70 | 169.44 | NOTE | |
r-release-linux-x86_64 | 1.3.5 | 14.22 | 155.47 | 169.69 | NOTE | |
r-release-macos-arm64 | 1.3.5 | 57.00 | NOTE | |||
r-release-macos-x86_64 | 1.3.5 | 105.00 | NOTE | |||
r-release-windows-x86_64 | 1.3.5 | 29.00 | 186.00 | 215.00 | NOTE | |
r-oldrel-macos-arm64 | 1.3.5 | 63.00 | NOTE | |||
r-oldrel-macos-x86_64 | 1.3.5 | 87.00 | NOTE | |||
r-oldrel-windows-ix86+x86_64 | 1.3.5 | 34.00 | 181.00 | 215.00 | NOTE |
Version: 1.3.5
Check: LazyData
Result: NOTE
'LazyData' is specified without a 'data' directory
Flavors: r-devel-linux-x86_64-debian-clang, r-devel-linux-x86_64-debian-gcc, r-devel-linux-x86_64-fedora-clang, r-devel-linux-x86_64-fedora-gcc, r-devel-windows-x86_64, r-patched-linux-x86_64, r-release-linux-x86_64, r-release-macos-arm64, r-release-macos-x86_64, r-release-windows-x86_64, r-oldrel-macos-arm64, r-oldrel-macos-x86_64, r-oldrel-windows-ix86+x86_64
Version: 1.3.5
Check: dependencies in R code
Result: NOTE
Namespace in Imports field not imported from: ‘methods’
All declared Imports should be used.
Flavors: r-devel-linux-x86_64-fedora-clang, r-devel-linux-x86_64-fedora-gcc, r-release-macos-arm64, r-release-macos-x86_64, r-oldrel-macos-arm64, r-oldrel-macos-x86_64