CRAN Package Check Results for Package walmartAPI

Last updated on 2023-05-31 23:27:36 CEST.

Flavor Version Tinstall Tcheck Ttotal Status Flags
r-devel-linux-x86_64-debian-clang 0.1.5 2.34 22.56 24.90 NOTE
r-devel-linux-x86_64-debian-gcc 0.1.5 1.89 17.65 19.54 NOTE
r-devel-linux-x86_64-fedora-clang 0.1.5 31.05 NOTE
r-devel-linux-x86_64-fedora-gcc 0.1.5 29.63 NOTE
r-devel-windows-x86_64 0.1.5 4.00 41.00 45.00 NOTE
r-patched-linux-x86_64 0.1.5 NOTE
r-release-linux-x86_64 0.1.5 2.14 21.67 23.81 NOTE
r-release-macos-arm64 0.1.5 15.00 NOTE
r-release-macos-x86_64 0.1.5 19.00 NOTE
r-release-windows-x86_64 0.1.5 4.00 40.00 44.00 NOTE
r-oldrel-macos-arm64 0.1.5 15.00 NOTE
r-oldrel-macos-x86_64 0.1.5 27.00 NOTE
r-oldrel-windows-x86_64 0.1.5 5.00 43.00 48.00 NOTE

Check Details

Version: 0.1.5
Check: LazyData
Result: NOTE
     'LazyData' is specified without a 'data' directory
Flavors: r-devel-linux-x86_64-debian-clang, r-devel-linux-x86_64-debian-gcc, r-devel-linux-x86_64-fedora-clang, r-devel-linux-x86_64-fedora-gcc, r-devel-windows-x86_64, r-patched-linux-x86_64, r-release-linux-x86_64, r-release-macos-arm64, r-release-macos-x86_64, r-release-windows-x86_64, r-oldrel-macos-arm64, r-oldrel-macos-x86_64, r-oldrel-windows-x86_64