CRAN Package Check Results for Package warp

Last updated on 2022-12-09 16:51:40 CET.

Flavor Version Tinstall Tcheck Ttotal Status Flags
r-devel-linux-x86_64-debian-clang 0.2.0 6.45 62.07 68.52 NOTE
r-devel-linux-x86_64-debian-gcc 0.2.0 4.21 46.68 50.89 NOTE
r-devel-linux-x86_64-fedora-clang 0.2.0 95.53 NOTE
r-devel-linux-x86_64-fedora-gcc 0.2.0 104.34 NOTE
r-devel-windows-x86_64 0.2.0 20.00 90.00 110.00 NOTE
r-patched-linux-x86_64 0.2.0 4.68 52.94 57.62 NOTE
r-release-linux-x86_64 0.2.0 5.02 52.88 57.90 NOTE
r-release-macos-arm64 0.2.0 27.00 NOTE
r-release-macos-x86_64 0.2.0 44.00 NOTE
r-release-windows-x86_64 0.2.0 19.00 90.00 109.00 NOTE
r-oldrel-macos-arm64 0.2.0 34.00 NOTE
r-oldrel-macos-x86_64 0.2.0 61.00 NOTE
r-oldrel-windows-ix86+x86_64 0.2.0 19.00 133.00 152.00 NOTE

Check Details

Version: 0.2.0
Check: LazyData
Result: NOTE
     'LazyData' is specified without a 'data' directory
Flavors: r-devel-linux-x86_64-debian-clang, r-devel-linux-x86_64-debian-gcc, r-devel-linux-x86_64-fedora-clang, r-devel-linux-x86_64-fedora-gcc, r-devel-windows-x86_64, r-patched-linux-x86_64, r-release-linux-x86_64, r-release-macos-arm64, r-release-macos-x86_64, r-release-windows-x86_64, r-oldrel-macos-arm64, r-oldrel-macos-x86_64, r-oldrel-windows-ix86+x86_64