CRAN Package Check Results for Package waterquality

Last updated on 2022-12-03 18:56:12 CET.

Flavor Version Tinstall Tcheck Ttotal Status Flags
r-devel-linux-x86_64-debian-clang 0.3.0 57.53 519.18 576.71 OK
r-devel-linux-x86_64-debian-gcc 0.3.0 52.19 378.34 430.53 OK
r-devel-linux-x86_64-fedora-clang 0.3.0 757.67 NOTE
r-devel-linux-x86_64-fedora-gcc 0.3.0 734.80 NOTE
r-devel-windows-x86_64 0.3.0 104.00 518.00 622.00 OK
r-patched-linux-x86_64 0.3.0 60.14 479.08 539.22 OK
r-release-linux-x86_64 0.3.0 46.30 495.96 542.26 OK
r-release-macos-arm64 0.3.0 199.00 NOTE
r-release-macos-x86_64 0.3.0 301.00 NOTE
r-release-windows-x86_64 0.3.0 108.00 527.00 635.00 OK
r-oldrel-macos-arm64 0.3.0 160.00 NOTE
r-oldrel-macos-x86_64 0.3.0 228.00 NOTE
r-oldrel-windows-ix86+x86_64 0.3.0 113.00 511.00 624.00 OK

Check Details

Version: 0.3.0
Check: dependencies in R code
Result: NOTE
    Namespaces in Imports field not imported from:
     ‘rgdal’ ‘vctrs’
     All declared Imports should be used.
Flavors: r-devel-linux-x86_64-fedora-clang, r-devel-linux-x86_64-fedora-gcc, r-release-macos-arm64, r-release-macos-x86_64, r-oldrel-macos-arm64, r-oldrel-macos-x86_64