CRAN Package Check Results for Package waveslim

Last updated on 2022-06-25 23:56:34 CEST.

Flavor Version Tinstall Tcheck Ttotal Status Flags
r-devel-linux-x86_64-debian-clang 1.8.2 15.01 73.03 88.04 NOTE
r-devel-linux-x86_64-debian-gcc 1.8.3 8.65 57.22 65.87 OK
r-devel-linux-x86_64-fedora-clang 1.8.3 113.69 OK
r-devel-linux-x86_64-fedora-gcc 1.8.3 111.76 OK
r-devel-windows-x86_64 1.8.3 38.00 83.00 121.00 OK
r-patched-linux-x86_64 1.8.3 11.71 71.07 82.78 OK
r-release-linux-x86_64 1.8.3 10.53 70.75 81.28 OK
r-release-macos-arm64 1.8.3 42.00 OK
r-release-macos-x86_64 1.8.3 51.00 OK
r-release-windows-x86_64 1.8.3 92.00 100.00 192.00 OK
r-oldrel-macos-arm64 1.8.3 39.00 OK
r-oldrel-macos-x86_64 1.8.3 48.00 OK
r-oldrel-windows-ix86+x86_64 1.8.3 25.00 107.00 132.00 OK

Check Details

Version: 1.8.2
Check: Rd files
Result: NOTE
    checkRd: (-1) Thresholding.Rd:64: Escaped LaTeX specials: \&
Flavor: r-devel-linux-x86_64-debian-clang

Version: 1.8.2
Check: HTML version of manual
Result: NOTE
    Found the following problems:
    mra.2d.Rd:98:38: Warning: nested emphasis <code>
    mra.2d.Rd:102:38: Warning: nested emphasis <code>
Flavor: r-devel-linux-x86_64-debian-clang