CRAN Package Check Results for Package wavethresh

Last updated on 2020-09-27 20:47:50 CEST.

Flavor Version Tinstall Tcheck Ttotal Status Flags
r-devel-linux-x86_64-debian-clang 4.6.8 26.79 108.96 135.75 OK
r-devel-linux-x86_64-debian-gcc 4.6.8 19.41 82.50 101.91 OK
r-devel-linux-x86_64-fedora-clang 4.6.8 182.85 NOTE
r-devel-linux-x86_64-fedora-gcc 4.6.8 172.14 NOTE
r-devel-windows-ix86+x86_64 4.6.8 46.00 126.00 172.00 OK
r-patched-linux-x86_64 4.6.8 24.38 102.45 126.83 OK
r-patched-solaris-x86 4.6.8 188.30 OK
r-release-linux-x86_64 4.6.8 24.50 103.83 128.33 OK
r-release-macos-x86_64 4.6.8 OK
r-release-windows-ix86+x86_64 4.6.8 41.00 159.00 200.00 OK
r-oldrel-macos-x86_64 4.6.8 OK
r-oldrel-windows-ix86+x86_64 4.6.8 66.00 149.00 215.00 OK

Check Details

Version: 4.6.8
Check: compiled code
Result: NOTE
    File ‘wavethresh/libs/wavethresh.so’:
     Found no calls to: ‘R_registerRoutines’, ‘R_useDynamicSymbols’
    
    It is good practice to register native routines and to disable symbol
    search.
    
    See ‘Writing portable packages’ in the ‘Writing R Extensions’ manual.
Flavors: r-devel-linux-x86_64-fedora-clang, r-devel-linux-x86_64-fedora-gcc