CRAN Package Check Results for Package webfakes

Last updated on 2022-08-15 04:50:30 CEST.

Flavor Version Tinstall Tcheck Ttotal Status Flags
r-devel-linux-x86_64-debian-clang 1.1.3 10.04 56.16 66.20 NOTE
r-devel-linux-x86_64-debian-gcc 1.1.3 8.71 43.88 52.59 NOTE
r-devel-linux-x86_64-fedora-clang 1.1.3 91.92 OK
r-devel-linux-x86_64-fedora-gcc 1.1.3 95.05 NOTE
r-devel-windows-x86_64 1.1.3 68.00 98.00 166.00 OK
r-patched-linux-x86_64 1.1.3 10.05 53.09 63.14 OK
r-release-linux-x86_64 1.1.3 9.52 54.60 64.12 OK
r-release-macos-arm64 1.1.3 50.00 OK
r-release-macos-x86_64 1.1.3 73.00 OK
r-release-windows-x86_64 1.1.3 80.00 95.00 175.00 OK
r-oldrel-macos-arm64 1.1.3 44.00 OK
r-oldrel-macos-x86_64 1.1.3 66.00 OK
r-oldrel-windows-ix86+x86_64 1.1.3 33.00 112.00 145.00 OK

Check Details

Version: 1.1.3
Check: HTML version of manual
Result: NOTE
    Found the following HTML validation problems:
    httpbin_app.html:25:73: Warning: inserting implicit <p>
    httpbin_app.html:25:73: Warning: trimming empty <p>
    new_app.html:119:43: Warning: inserting implicit <p>
    new_app.html:209:35: Warning: inserting implicit <p>
    new_app.html:241:40: Warning: inserting implicit <p>
    new_app.html:333:21: Warning: inserting implicit <p>
    new_app.html:348:82: Warning: inserting implicit <p>
    new_app.html:356:65: Warning: inserting implicit <p>
    new_app.html:405:73: Warning: inserting implicit <p>
    new_app.html:119:43: Warning: trimming empty <p>
    new_app.html:209:35: Warning: trimming empty <p>
    new_app.html:241:40: Warning: trimming empty <p>
    new_app.html:333:21: Warning: trimming empty <p>
    new_app.html:348:82: Warning: trimming empty <p>
    new_app.html:356:65: Warning: trimming empty <p>
    new_app.html:405:73: Warning: trimming empty <p>
    new_app_process.html:88:89: Warning: inserting implicit <p>
    new_app_process.html:88:89: Warning: trimming empty <p>
Flavors: r-devel-linux-x86_64-debian-clang, r-devel-linux-x86_64-debian-gcc, r-devel-linux-x86_64-fedora-gcc