CRAN Package Check Results for Package webglobe

Last updated on 2024-07-24 06:57:32 CEST.

Flavor Version Tinstall Tcheck Ttotal Status Flags
r-devel-linux-x86_64-debian-clang 1.0.3 10.33 69.19 79.52 OK
r-devel-linux-x86_64-debian-gcc 1.0.3 6.79 51.97 58.76 OK
r-devel-linux-x86_64-fedora-clang 1.0.3 95.40 NOTE
r-devel-linux-x86_64-fedora-gcc 1.0.3 103.58 OK
r-devel-windows-x86_64 1.0.3 14.00 72.00 86.00 NOTE
r-patched-linux-x86_64 1.0.3 7.71 66.53 74.24 OK
r-release-linux-x86_64 1.0.3 5.88 64.66 70.54 OK
r-release-macos-arm64 1.0.3 34.00 NOTE
r-release-macos-x86_64 1.0.3 52.00 NOTE
r-release-windows-x86_64 1.0.3 12.00 71.00 83.00 NOTE
r-oldrel-macos-arm64 1.0.3 40.00 NOTE
r-oldrel-macos-x86_64 1.0.3 64.00 NOTE
r-oldrel-windows-x86_64 1.0.3 13.00 78.00 91.00 NOTE

Check Details

Version: 1.0.3
Check: installed package size
Result: NOTE installed size is 10.8Mb sub-directories of 1Mb or more: client 9.6Mb doc 1.0Mb Flavors: r-devel-linux-x86_64-fedora-clang, r-devel-windows-x86_64, r-release-macos-arm64, r-release-macos-x86_64, r-release-windows-x86_64, r-oldrel-macos-arm64, r-oldrel-macos-x86_64, r-oldrel-windows-x86_64