CRAN Package Check Results for Package webglobe

Last updated on 2021-04-15 05:48:15 CEST.

Flavor Version Tinstall Tcheck Ttotal Status Flags
r-devel-linux-x86_64-debian-clang 1.0.3 7.90 77.11 85.01 OK
r-devel-linux-x86_64-debian-gcc 1.0.3 6.68 59.80 66.48 OK
r-devel-linux-x86_64-fedora-clang 1.0.3 113.17 NOTE
r-devel-linux-x86_64-fedora-gcc 1.0.3 101.18 OK
r-devel-windows-ix86+x86_64 1.0.3 40.00 117.00 157.00 NOTE
r-devel-windows-x86_64-gcc10-UCRT 1.0.3 OK
r-patched-linux-x86_64 1.0.3 7.68 73.21 80.89 OK
r-patched-solaris-x86 1.0.3 176.40 NOTE
r-release-linux-x86_64 1.0.3 8.12 73.70 81.82 OK
r-release-macos-x86_64 1.0.3 NOTE
r-release-windows-ix86+x86_64 1.0.3 36.00 140.00 176.00 NOTE
r-oldrel-macos-x86_64 1.0.3 NOTE
r-oldrel-windows-ix86+x86_64 1.0.3 21.00 90.00 111.00 NOTE

Check Details

Version: 1.0.3
Check: installed package size
Result: NOTE
     installed size is 10.8Mb
     sub-directories of 1Mb or more:
     client 9.6Mb
     doc 1.0Mb
Flavors: r-devel-linux-x86_64-fedora-clang, r-devel-windows-ix86+x86_64, r-patched-solaris-x86, r-release-macos-x86_64, r-release-windows-ix86+x86_64, r-oldrel-macos-x86_64, r-oldrel-windows-ix86+x86_64