Last updated on 2021-03-08 09:47:58 CET.
Flavor | Version | Tinstall | Tcheck | Ttotal | Status | Flags |
---|---|---|---|---|---|---|
r-devel-linux-x86_64-debian-clang | 1.0 | 2.53 | 19.80 | 22.33 | OK | |
r-devel-linux-x86_64-debian-gcc | 1.0 | 1.90 | 15.67 | 17.57 | OK | |
r-devel-linux-x86_64-fedora-clang | 1.0 | 37.48 | NOTE | |||
r-devel-linux-x86_64-fedora-gcc | 1.0 | 27.51 | NOTE | |||
r-devel-windows-ix86+x86_64 | 1.0 | 10.00 | 43.00 | 53.00 | OK | |
r-devel-windows-x86_64-gcc10-UCRT | 1.0 | OK | ||||
r-patched-linux-x86_64 | 1.0 | 2.18 | 19.32 | 21.50 | OK | |
r-patched-solaris-x86 | 1.0 | 40.80 | OK | |||
r-release-linux-x86_64 | 1.0 | 2.66 | 19.15 | 21.81 | OK | |
r-release-macos-x86_64 | 1.0 | OK | ||||
r-release-windows-ix86+x86_64 | 1.0 | 10.00 | 33.00 | 43.00 | OK | |
r-oldrel-macos-x86_64 | 1.0 | OK | ||||
r-oldrel-windows-ix86+x86_64 | 1.0 | 16.00 | 48.00 | 64.00 | OK |
Version: 1.0
Check: top-level files
Result: NOTE
‘configure’: /bin/bash is not portable
Flavors: r-devel-linux-x86_64-fedora-clang, r-devel-linux-x86_64-fedora-gcc