CRAN Package Check Results for Package wellknown

Last updated on 2020-11-27 18:47:51 CET.

Flavor Version Tinstall Tcheck Ttotal Status Flags
r-devel-linux-x86_64-debian-clang 0.7.0 241.45 47.63 289.08 OK
r-devel-linux-x86_64-debian-gcc 0.7.0 243.82 34.71 278.53 OK
r-devel-linux-x86_64-fedora-clang 0.7.0 331.41 NOTE
r-devel-linux-x86_64-fedora-gcc 0.7.0 291.36 OK
r-devel-windows-ix86+x86_64 0.7.0 374.00 96.00 470.00 OK
r-patched-linux-x86_64 0.7.0 371.32 46.52 417.84 OK
r-patched-solaris-x86 0.7.0 247.80 OK
r-release-linux-x86_64 0.7.0 373.10 41.58 414.68 OK
r-release-macos-x86_64 0.7.0 NOTE
r-release-windows-ix86+x86_64 0.7.0 379.00 82.00 461.00 OK
r-oldrel-macos-x86_64 0.7.0 NOTE
r-oldrel-windows-ix86+x86_64 0.7.0 348.00 85.00 433.00 OK

Check Details

Version: 0.7.0
Check: installed package size
Result: NOTE
     installed size is 18.8Mb
     sub-directories of 1Mb or more:
     libs 18.5Mb
Flavors: r-devel-linux-x86_64-fedora-clang, r-release-macos-x86_64, r-oldrel-macos-x86_64