CRAN Package Check Results for Package wfe

Last updated on 2023-06-03 02:51:35 CEST.

Flavor Version Tinstall Tcheck Ttotal Status Flags
r-devel-linux-x86_64-debian-clang 1.9.1 19.61 92.51 112.12 NOTE
r-devel-linux-x86_64-debian-gcc 1.9.1 13.30 71.50 84.80 NOTE
r-devel-linux-x86_64-fedora-clang 1.9.1 138.91 NOTE
r-devel-linux-x86_64-fedora-gcc 1.9.1 134.03 NOTE
r-devel-windows-x86_64 1.9.1 17.00 86.00 103.00 NOTE
r-patched-linux-x86_64 1.9.1 NOTE
r-release-linux-x86_64 1.9.1 14.38 89.56 103.94 NOTE
r-release-macos-arm64 1.9.1 43.00 NOTE
r-release-macos-x86_64 1.9.1 67.00 NOTE
r-release-windows-x86_64 1.9.1 21.00 99.00 120.00 NOTE
r-oldrel-macos-arm64 1.9.1 39.00 NOTE
r-oldrel-macos-x86_64 1.9.1 65.00 NOTE
r-oldrel-windows-x86_64 1.9.1 20.00 98.00 118.00 NOTE

Check Details

Version: 1.9.1
Check: LazyData
Result: NOTE
     'LazyData' is specified without a 'data' directory
Flavors: r-devel-linux-x86_64-debian-clang, r-devel-linux-x86_64-debian-gcc, r-devel-linux-x86_64-fedora-clang, r-devel-linux-x86_64-fedora-gcc, r-devel-windows-x86_64, r-patched-linux-x86_64, r-release-linux-x86_64, r-release-macos-arm64, r-release-macos-x86_64, r-release-windows-x86_64, r-oldrel-macos-arm64, r-oldrel-macos-x86_64, r-oldrel-windows-x86_64