CRAN Package Check Results for Package whereport

Last updated on 2020-06-01 12:47:26 CEST.

Flavor Version Tinstall Tcheck Ttotal Status Flags
r-devel-linux-x86_64-debian-clang 0.1 1.97 22.58 24.55 OK
r-devel-linux-x86_64-debian-gcc 0.1 1.68 17.80 19.48 OK
r-devel-linux-x86_64-fedora-clang 0.1 38.06 NOTE
r-devel-linux-x86_64-fedora-gcc 0.1 30.28 NOTE
r-devel-windows-ix86+x86_64 0.1 12.00 54.00 66.00 OK
r-patched-linux-x86_64 0.1 1.84 23.17 25.01 OK
r-patched-solaris-x86 0.1 46.20 NOTE
r-release-linux-x86_64 0.1 2.04 22.36 24.40 OK
r-release-osx-x86_64 0.1 NOTE
r-release-windows-ix86+x86_64 0.1 7.00 52.00 59.00 OK
r-oldrel-osx-x86_64 0.1 NOTE
r-oldrel-windows-ix86+x86_64 0.1 5.00 35.00 40.00 OK

Check Details

Version: 0.1
Check: data for non-ASCII characters
Result: NOTE
     Note: found 4102 marked UTF-8 strings
Flavors: r-devel-linux-x86_64-fedora-clang, r-devel-linux-x86_64-fedora-gcc, r-patched-solaris-x86, r-release-osx-x86_64, r-oldrel-osx-x86_64