CRAN Package Check Results for Package whereport

Last updated on 2019-09-23 17:47:20 CEST.

Flavor Version Tinstall Tcheck Ttotal Status Flags
r-devel-linux-x86_64-debian-clang 0.1 1.72 19.50 21.22 OK
r-devel-linux-x86_64-debian-gcc 0.1 1.55 15.88 17.43 OK
r-devel-linux-x86_64-fedora-clang 0.1 27.71 NOTE
r-devel-linux-x86_64-fedora-gcc 0.1 27.25 NOTE
r-devel-windows-ix86+x86_64 0.1 12.00 34.00 46.00 OK
r-patched-linux-x86_64 0.1 1.43 19.17 20.60 NOTE
r-patched-solaris-x86 0.1 40.50 NOTE
r-release-linux-x86_64 0.1 1.66 19.23 20.89 NOTE
r-release-windows-ix86+x86_64 0.1 11.00 56.00 67.00 OK
r-release-osx-x86_64 0.1 NOTE
r-oldrel-windows-ix86+x86_64 0.1 3.00 30.00 33.00 OK
r-oldrel-osx-x86_64 0.1 NOTE

Check Details

Version: 0.1
Check: data for non-ASCII characters
Result: NOTE
     Note: found 4102 marked UTF-8 strings
Flavors: r-devel-linux-x86_64-fedora-clang, r-devel-linux-x86_64-fedora-gcc, r-patched-solaris-x86, r-release-osx-x86_64, r-oldrel-osx-x86_64

Version: 0.1
Check: DESCRIPTION meta-information
Result: NOTE
    Dependence on R version ‘3.4.2’ not with patchlevel 0
Flavors: r-patched-linux-x86_64, r-release-linux-x86_64