Last updated on 2023-01-29 08:57:17 CET.
Flavor | Version | Tinstall | Tcheck | Ttotal | Status | Flags |
---|---|---|---|---|---|---|
r-devel-linux-x86_64-debian-clang | 0.1.2 | 8.07 | 154.93 | 163.00 | OK | |
r-devel-linux-x86_64-debian-gcc | 0.1.2 | 6.60 | 110.31 | 116.91 | OK | |
r-devel-linux-x86_64-fedora-clang | 0.1.2 | 206.59 | OK | |||
r-devel-linux-x86_64-fedora-gcc | 0.1.2 | 204.88 | OK | |||
r-patched-linux-x86_64 | 0.1.2 | 6.36 | 146.64 | 153.00 | OK | |
r-release-linux-x86_64 | 0.1.2 | 6.32 | 147.73 | 154.05 | OK | |
r-release-macos-arm64 | 0.1.2 | 64.00 | OK | |||
r-release-macos-x86_64 | 0.1.2 | 96.00 | OK | |||
r-release-windows-x86_64 | 0.1.2 | 32.00 | 179.00 | 211.00 | OK | |
r-oldrel-macos-arm64 | 0.1.2 | 63.00 | OK | |||
r-oldrel-macos-x86_64 | 0.1.2 | 100.00 | OK | |||
r-oldrel-windows-ix86+x86_64 | 0.1.2 | 20.00 | 184.00 | 204.00 | ERROR |
Version: 0.1.2
Check: PDF version of manual
Result: WARN
LaTeX errors when creating PDF version.
This typically indicates Rd problems.
LaTeX errors found:
! Package inputenc Error: Unicode char â<c2><80><c2><90> (U+2010)
(inputenc) not set up for use with LaTeX.
See the inputenc package documentation for explanation.
Type H <return> for immediate help.
! Package inputenc Error: Unicode char â<c2><80><c2><90> (U+2010)
(inputenc) not set up for use with LaTeX.
See the inputenc package documentation for explanation.
Type H <return> for immediate help.
! Package inputenc Error: Unicode char â<c2><80><c2><90> (U+2010)
(inputenc) not set up for use with LaTeX.
See the inputenc package documentation for explanation.
Type H <return> for immediate help.
! Package inputenc Error: Unicode char â<c2><80><c2><90> (U+2010)
(inputenc) not set up for use with LaTeX.
See the inputenc package documentation for explanation.
Type H <return> for immediate help.
Flavor: r-oldrel-windows-ix86+x86_64
Version: 0.1.2
Check: PDF version of manual without hyperrefs or index
Result: ERROR
Flavor: r-oldrel-windows-ix86+x86_64