CRAN Package Check Results for Package wordcloud

Last updated on 2019-08-24 19:47:27 CEST.

Flavor Version Tinstall Tcheck Ttotal Status Flags
r-devel-linux-x86_64-debian-clang 2.6 15.72 29.68 45.40 OK
r-devel-linux-x86_64-debian-gcc 2.6 12.57 23.29 35.86 OK
r-devel-linux-x86_64-fedora-clang 2.6 60.46 NOTE
r-devel-linux-x86_64-fedora-gcc 2.6 63.17 NOTE
r-devel-windows-ix86+x86_64 2.6 37.00 84.00 121.00 OK
r-patched-linux-x86_64 2.6 12.91 29.08 41.99 OK
r-patched-solaris-x86 2.6 76.40 NOTE
r-release-linux-x86_64 2.6 14.02 29.34 43.36 OK
r-release-windows-ix86+x86_64 2.6 39.00 89.00 128.00 OK
r-release-osx-x86_64 2.6 NOTE
r-oldrel-windows-ix86+x86_64 2.6 77.00 83.00 160.00 OK
r-oldrel-osx-x86_64 2.6 NOTE

Check Details

Version: 2.6
Check: data for non-ASCII characters
Result: NOTE
     Note: found 2 marked UTF-8 strings
Flavors: r-devel-linux-x86_64-fedora-clang, r-devel-linux-x86_64-fedora-gcc, r-patched-solaris-x86, r-release-osx-x86_64, r-oldrel-osx-x86_64