CRAN Package Check Results for Package wordcloud2

Last updated on 2020-11-27 19:49:02 CET.

Flavor Version Tinstall Tcheck Ttotal Status Flags
r-devel-linux-x86_64-debian-clang 0.2.1 3.76 35.21 38.97 OK
r-devel-linux-x86_64-debian-gcc 0.2.1 2.40 25.05 27.45 OK
r-devel-linux-x86_64-fedora-clang 0.2.1 45.28 NOTE
r-devel-linux-x86_64-fedora-gcc 0.2.1 35.41 NOTE
r-devel-windows-ix86+x86_64 0.2.1 6.00 34.00 40.00 OK
r-patched-linux-x86_64 0.2.1 3.46 33.18 36.64 OK
r-patched-solaris-x86 0.2.1 54.60 WARN
r-release-linux-x86_64 0.2.1 3.47 33.21 36.68 OK
r-release-macos-x86_64 0.2.1 WARN
r-release-windows-ix86+x86_64 0.2.1 5.00 51.00 56.00 OK
r-oldrel-macos-x86_64 0.2.1 WARN
r-oldrel-windows-ix86+x86_64 0.2.1 5.00 43.00 48.00 OK

Check Details

Version: 0.2.1
Check: data for non-ASCII characters
Result: NOTE
     Note: found 933 marked UTF-8 strings
Flavors: r-devel-linux-x86_64-fedora-clang, r-devel-linux-x86_64-fedora-gcc, r-patched-solaris-x86, r-release-macos-x86_64, r-oldrel-macos-x86_64

Version: 0.2.1
Check: re-building of vignette outputs
Result: WARN
    Error(s) in re-building vignettes:
     ...
    --- re-building ‘wordcloud.Rmd’ using rmarkdown
    Warning in engine$weave(file, quiet = quiet, encoding = enc) :
     Pandoc (>= 1.12.3) and/or pandoc-citeproc not available. Falling back to R Markdown v1.
    Quitting from lines 37-39 (wordcloud.Rmd)
    Error: processing vignette 'wordcloud.Rmd' failed with diagnostics:
    cannot open the connection
    --- failed re-building ‘wordcloud.Rmd’
    
    SUMMARY: processing the following file failed:
     ‘wordcloud.Rmd’
    
    Error: Vignette re-building failed.
    Execution halted
Flavors: r-patched-solaris-x86, r-release-macos-x86_64, r-oldrel-macos-x86_64