CRAN Package Check Results for Package wordcloud2

Last updated on 2019-09-19 10:48:07 CEST.

Flavor Version Tinstall Tcheck Ttotal Status Flags
r-devel-linux-x86_64-debian-clang 0.2.1 2.70 26.51 29.21 OK
r-devel-linux-x86_64-debian-gcc 0.2.1 2.34 21.64 23.98 OK
r-devel-linux-x86_64-fedora-clang 0.2.1 36.52 NOTE
r-devel-linux-x86_64-fedora-gcc 0.2.1 35.80 NOTE
r-devel-windows-ix86+x86_64 0.2.1 9.00 47.00 56.00 OK
r-patched-linux-x86_64 0.2.1 2.35 26.33 28.68 OK
r-patched-solaris-x86 0.2.1 53.30 WARN
r-release-linux-x86_64 0.2.1 2.62 26.74 29.36 OK
r-release-windows-ix86+x86_64 0.2.1 5.00 46.00 51.00 OK
r-release-osx-x86_64 0.2.1 WARN
r-oldrel-windows-ix86+x86_64 0.2.1 4.00 43.00 47.00 OK
r-oldrel-osx-x86_64 0.2.1 WARN

Check Details

Version: 0.2.1
Check: data for non-ASCII characters
Result: NOTE
     Note: found 933 marked UTF-8 strings
Flavors: r-devel-linux-x86_64-fedora-clang, r-devel-linux-x86_64-fedora-gcc, r-patched-solaris-x86, r-release-osx-x86_64, r-oldrel-osx-x86_64

Version: 0.2.1
Check: re-building of vignette outputs
Result: WARN
    Error(s) in re-building vignettes:
     ...
    --- re-building ‘wordcloud.Rmd’ using rmarkdown
    Warning in engine$weave(file, quiet = quiet, encoding = enc) :
     Pandoc (>= 1.12.3) and/or pandoc-citeproc not available. Falling back to R Markdown v1.
    Quitting from lines 37-39 (wordcloud.Rmd)
    Error: processing vignette 'wordcloud.Rmd' failed with diagnostics:
    cannot open the connection
    --- failed re-building ‘wordcloud.Rmd’
    
    SUMMARY: processing the following file failed:
     ‘wordcloud.Rmd’
    
    Error: Vignette re-building failed.
    Execution halted
Flavors: r-patched-solaris-x86, r-release-osx-x86_64

Version: 0.2.1
Check: re-building of vignette outputs
Result: WARN
    Error in re-building vignettes:
     ...
    Warning in engine$weave(file, quiet = quiet, encoding = enc) :
     Pandoc (>= 1.12.3) and/or pandoc-citeproc not available. Falling back to R Markdown v1.
    Quitting from lines 37-39 (wordcloud.Rmd)
    Error: processing vignette 'wordcloud.Rmd' failed with diagnostics:
    cannot open the connection
    Execution halted
Flavor: r-oldrel-osx-x86_64