CRAN Package Check Results for Package wpp2017

Last updated on 2020-01-23 04:47:59 CET.

Flavor Version Tinstall Tcheck Ttotal Status Flags
r-devel-linux-x86_64-debian-clang 1.2-1 3.21 50.18 53.39 OK
r-devel-linux-x86_64-debian-gcc 1.2-1 2.17 40.96 43.13 OK
r-devel-linux-x86_64-fedora-clang 1.2-1 62.94 NOTE
r-devel-linux-x86_64-fedora-gcc 1.2-1 60.65 OK
r-devel-windows-ix86+x86_64 1.2-1 10.00 93.00 103.00 NOTE
r-devel-windows-ix86+x86_64-gcc8 1.2-1 11.00 97.00 108.00 NOTE
r-patched-linux-x86_64 1.2-1 2.19 45.96 48.15 OK
r-patched-solaris-x86 1.2-1 93.20 NOTE
r-release-linux-x86_64 1.2-1 2.16 45.15 47.31 OK
r-release-windows-ix86+x86_64 1.2-1 11.00 88.00 99.00 NOTE
r-release-osx-x86_64 1.2-1 NOTE
r-oldrel-windows-ix86+x86_64 1.2-1 7.00 44.00 51.00 NOTE
r-oldrel-osx-x86_64 1.2-1 NOTE

Check Details

Version: 1.2-1
Check: installed package size
Result: NOTE
     installed size is 11.6Mb
     sub-directories of 1Mb or more:
     data 11.4Mb
Flavors: r-devel-linux-x86_64-fedora-clang, r-devel-windows-ix86+x86_64, r-devel-windows-ix86+x86_64-gcc8, r-patched-solaris-x86, r-release-windows-ix86+x86_64, r-release-osx-x86_64, r-oldrel-windows-ix86+x86_64, r-oldrel-osx-x86_64