Last updated on 2023-03-30 08:54:04 CEST.
Flavor | Version | Tinstall | Tcheck | Ttotal | Status | Flags |
---|---|---|---|---|---|---|
r-devel-linux-x86_64-debian-clang | 1.0.4 | 14.55 | 314.33 | 328.88 | OK | |
r-devel-linux-x86_64-debian-gcc | 1.0.4 | 13.01 | 229.76 | 242.77 | OK | |
r-devel-linux-x86_64-fedora-clang | 1.0.4 | 399.81 | OK | |||
r-devel-linux-x86_64-fedora-gcc | 1.0.4 | 408.11 | OK | |||
r-patched-linux-x86_64 | 1.0.4 | 14.94 | 304.58 | 319.52 | OK | |
r-release-linux-x86_64 | 1.0.4 | 10.70 | 304.64 | 315.34 | OK | |
r-release-macos-arm64 | 1.0.4 | 104.00 | OK | |||
r-release-macos-x86_64 | 1.0.4 | 185.00 | OK | |||
r-release-windows-x86_64 | 1.0.4 | 143.00 | 456.00 | 599.00 | OK | |
r-oldrel-macos-arm64 | 1.0.4 | 114.00 | NOTE | |||
r-oldrel-macos-x86_64 | 1.0.4 | 147.00 | OK | |||
r-oldrel-windows-ix86+x86_64 | 1.0.4 | 27.00 | 408.00 | 435.00 | OK |
Version: 1.0.4
Check: package dependencies
Result: NOTE
Package suggested but not available for checking: ‘vdiffr’
Flavor: r-oldrel-macos-arm64