CRAN Package Check Results for Package wyz.code.metaTesting

Last updated on 2020-12-05 05:48:29 CET.

Flavor Version Tinstall Tcheck Ttotal Status Flags
r-devel-linux-x86_64-debian-clang 1.1.12 7.70 68.92 76.62 OK
r-devel-linux-x86_64-debian-gcc 1.1.12 6.13 55.79 61.92 OK
r-devel-linux-x86_64-fedora-clang 1.1.12 93.52 OK
r-devel-linux-x86_64-fedora-gcc 1.1.12 86.05 OK
r-devel-windows-ix86+x86_64 1.1.12 16.00 91.00 107.00 ERROR
r-patched-linux-x86_64 1.1.12 7.55 68.23 75.78 OK
r-patched-solaris-x86 1.1.12 124.50 OK
r-release-linux-x86_64 1.1.12 6.46 66.32 72.78 OK
r-release-macos-x86_64 1.1.12 OK
r-release-windows-ix86+x86_64 1.1.12 12.00 80.00 92.00 ERROR
r-oldrel-macos-x86_64 1.1.12 OK
r-oldrel-windows-ix86+x86_64 1.1.12 13.00 76.00 89.00 OK

Check Details

Version: 1.1.12
Check: tests
Result: ERROR
     Running 'testthat.R' [12s]
    Running the tests in 'tests/testthat.R' failed.
    Complete output:
     > library(testthat)
     >
     > library("wyz.code.metaTesting")
     > test_check("wyz.code.metaTesting")
     -- FAILURE (test_computeArgumentsCombination.R:58:5): computeArgumentsCombinatio
     3L not equal to 2.
     1/1 mismatches
     [1] 3 - 2 == 1
    
     == testthat results ===========================================================
     FAILURE (test_computeArgumentsCombination.R:58:5): computeArgumentsCombination
    
     [ FAIL 1 | WARN 0 | SKIP 0 | PASS 490 ]
     Error: Test failures
     Execution halted
Flavor: r-devel-windows-ix86+x86_64

Version: 1.1.12
Check: tests
Result: ERROR
     Running 'testthat.R' [11s]
    Running the tests in 'tests/testthat.R' failed.
    Complete output:
     > library(testthat)
     >
     > library("wyz.code.metaTesting")
     > test_check("wyz.code.metaTesting")
     -- FAILURE (test_computeArgumentsCombination.R:58:5): computeArgumentsCombinatio
     3L not equal to 2.
     1/1 mismatches
     [1] 3 - 2 == 1
    
     == testthat results ===========================================================
     FAILURE (test_computeArgumentsCombination.R:58:5): computeArgumentsCombination
    
     [ FAIL 1 | WARN 0 | SKIP 0 | PASS 490 ]
     Error: Test failures
     Execution halted
Flavor: r-release-windows-ix86+x86_64