CRAN Package Check Results for Package xesreadR

Last updated on 2022-12-02 19:51:21 CET.

Flavor Version Tinstall Tcheck Ttotal Status Flags
r-devel-linux-x86_64-debian-clang 0.2.3 8.89 82.48 91.37 NOTE
r-devel-linux-x86_64-debian-gcc 0.2.3 8.32 62.97 71.29 NOTE
r-devel-linux-x86_64-fedora-clang 0.2.3 124.07 NOTE
r-devel-linux-x86_64-fedora-gcc 0.2.3 131.53 NOTE
r-devel-windows-x86_64 0.2.3 17.00 105.00 122.00 NOTE
r-patched-linux-x86_64 0.2.3 9.32 77.36 86.68 NOTE
r-release-linux-x86_64 0.2.3 8.61 78.37 86.98 NOTE
r-release-macos-arm64 0.2.3 31.00 NOTE
r-release-macos-x86_64 0.2.3 52.00 NOTE
r-release-windows-x86_64 0.2.3 18.00 109.00 127.00 NOTE
r-oldrel-macos-arm64 0.2.3 37.00 NOTE
r-oldrel-macos-x86_64 0.2.3 47.00 NOTE
r-oldrel-windows-ix86+x86_64 0.2.3 25.00 101.00 126.00 NOTE

Check Details

Version: 0.2.3
Check: LazyData
Result: NOTE
     'LazyData' is specified without a 'data' directory
Flavors: r-devel-linux-x86_64-debian-clang, r-devel-linux-x86_64-debian-gcc, r-devel-linux-x86_64-fedora-clang, r-devel-linux-x86_64-fedora-gcc, r-devel-windows-x86_64, r-patched-linux-x86_64, r-release-linux-x86_64, r-release-macos-arm64, r-release-macos-x86_64, r-release-windows-x86_64, r-oldrel-macos-arm64, r-oldrel-macos-x86_64, r-oldrel-windows-ix86+x86_64