CRAN Package Check Results for Package xlink

Last updated on 2022-12-09 13:52:31 CET.

Flavor Version Tinstall Tcheck Ttotal Status Flags
r-devel-linux-x86_64-debian-clang 1.0.1 8.89 80.14 89.03 NOTE
r-devel-linux-x86_64-debian-gcc 1.0.1 7.56 64.73 72.29 NOTE
r-devel-linux-x86_64-fedora-clang 1.0.1 120.79 NOTE
r-devel-linux-x86_64-fedora-gcc 1.0.1 129.06 NOTE
r-devel-windows-x86_64 1.0.1 19.00 121.00 140.00 NOTE
r-patched-linux-x86_64 1.0.1 9.40 77.50 86.90 OK
r-release-linux-x86_64 1.0.1 6.96 77.73 84.69 OK
r-release-macos-arm64 1.0.1 33.00 OK
r-release-macos-x86_64 1.0.1 49.00 OK
r-release-windows-x86_64 1.0.1 13.00 106.00 119.00 OK
r-oldrel-macos-arm64 1.0.1 39.00 OK
r-oldrel-macos-x86_64 1.0.1 64.00 OK
r-oldrel-windows-ix86+x86_64 1.0.1 20.00 103.00 123.00 OK

Check Details

Version: 1.0.1
Check: package subdirectories
Result: NOTE
    Problems with news in 'NEWS.md':
    No news entries found.
Flavors: r-devel-linux-x86_64-debian-clang, r-devel-linux-x86_64-debian-gcc, r-devel-linux-x86_64-fedora-clang, r-devel-linux-x86_64-fedora-gcc, r-devel-windows-x86_64