Last updated on 2023-09-30 11:51:56 CEST.
Flavor | Version | Tinstall | Tcheck | Ttotal | Status | Flags |
---|---|---|---|---|---|---|
r-devel-linux-x86_64-debian-clang | 1.0.1 | 6.55 | 80.26 | 86.81 | NOTE | |
r-devel-linux-x86_64-debian-gcc | 1.0.1 | 6.60 | 61.63 | 68.23 | NOTE | |
r-devel-linux-x86_64-fedora-clang | 1.0.1 | 108.11 | NOTE | |||
r-devel-linux-x86_64-fedora-gcc | 1.0.1 | 118.10 | NOTE | |||
r-devel-windows-x86_64 | 1.0.1 | 8.00 | 77.00 | 85.00 | NOTE | |
r-patched-linux-x86_64 | 1.0.1 | 9.59 | 78.52 | 88.11 | NOTE | |
r-release-linux-x86_64 | 1.0.1 | 7.49 | 78.59 | 86.08 | NOTE | |
r-release-macos-arm64 | 1.0.1 | 41.00 | NOTE | |||
r-release-macos-x86_64 | 1.0.1 | 69.00 | NOTE | |||
r-release-windows-x86_64 | 1.0.1 | 11.00 | 88.00 | 99.00 | NOTE | |
r-oldrel-macos-arm64 | 1.0.1 | 33.00 | OK | |||
r-oldrel-macos-x86_64 | 1.0.1 | 49.00 | OK | |||
r-oldrel-windows-x86_64 | 1.0.1 | 11.00 | 86.00 | 97.00 | OK |
Version: 1.0.1
Check: package subdirectories
Result: NOTE
Problems with news in ‘NEWS.md’:
No news entries found.
Flavors: r-devel-linux-x86_64-debian-clang, r-devel-linux-x86_64-debian-gcc, r-devel-linux-x86_64-fedora-clang, r-devel-linux-x86_64-fedora-gcc, r-devel-windows-x86_64, r-patched-linux-x86_64, r-release-linux-x86_64, r-release-macos-arm64, r-release-macos-x86_64, r-release-windows-x86_64