CRAN Package Check Results for Package xlsxjars

Last updated on 2023-09-30 13:52:02 CEST.

Flavor Version Tinstall Tcheck Ttotal Status Flags
r-devel-linux-x86_64-debian-clang 0.6.1 3.72 32.26 35.98 OK
r-devel-linux-x86_64-debian-gcc 0.6.1 3.30 24.62 27.92 OK
r-devel-linux-x86_64-fedora-clang 0.6.1 44.70 NOTE
r-devel-linux-x86_64-fedora-gcc 0.6.1 42.58 OK
r-devel-windows-x86_64 0.6.1 6.00 44.00 50.00 NOTE
r-patched-linux-x86_64 0.6.1 4.29 31.24 35.53 OK
r-release-linux-x86_64 0.6.1 4.01 31.47 35.48 OK
r-release-macos-arm64 0.6.1 19.00 NOTE
r-release-macos-x86_64 0.6.1 29.00 NOTE
r-release-windows-x86_64 0.6.1 6.00 54.00 60.00 NOTE
r-oldrel-macos-arm64 0.6.1 22.00 NOTE
r-oldrel-macos-x86_64 0.6.1 27.00 NOTE
r-oldrel-windows-x86_64 0.6.1 7.00 57.00 64.00 NOTE

Check Details

Version: 0.6.1
Check: installed package size
Result: NOTE
     installed size is 10.8Mb
     sub-directories of 1Mb or more:
     java 10.7Mb
Flavors: r-devel-linux-x86_64-fedora-clang, r-devel-windows-x86_64, r-release-macos-arm64, r-release-macos-x86_64, r-release-windows-x86_64, r-oldrel-macos-arm64, r-oldrel-macos-x86_64, r-oldrel-windows-x86_64