CRAN Package Check Results for Package xplain

Last updated on 2020-11-25 08:50:52 CET.

Flavor Version Tinstall Tcheck Ttotal Status Flags
r-devel-linux-x86_64-debian-clang 0.2.2 3.35 29.40 32.75 OK
r-devel-linux-x86_64-debian-gcc 0.2.2 3.28 20.89 24.17 OK
r-devel-linux-x86_64-fedora-clang 0.2.2 41.76 NOTE
r-devel-linux-x86_64-fedora-gcc 0.2.2 32.03 NOTE
r-devel-windows-ix86+x86_64 0.2.2 6.00 39.00 45.00 OK
r-patched-linux-x86_64 0.2.2 3.64 30.55 34.19 OK
r-patched-solaris-x86 0.2.2 46.50 NOTE
r-release-linux-x86_64 0.2.2 3.16 31.10 34.26 OK
r-release-macos-x86_64 0.2.2 NOTE
r-release-windows-ix86+x86_64 0.2.2 7.00 31.00 38.00 OK
r-oldrel-macos-x86_64 0.2.2 ERROR
r-oldrel-windows-ix86+x86_64 0.2.1 7.00 52.00 59.00 ERROR

Check Details

Version: 0.2.2
Check: dependencies in R code
Result: NOTE
    Namespace in Imports field not imported from: ‘RCurl’
     All declared Imports should be used.
Flavors: r-devel-linux-x86_64-fedora-clang, r-devel-linux-x86_64-fedora-gcc, r-patched-solaris-x86, r-release-macos-x86_64

Version: 0.2.2
Check: whether package can be installed
Result: ERROR
    Installation failed.
Flavor: r-oldrel-macos-x86_64

Version: 0.2.1
Check: examples
Result: ERROR
    Running examples in 'xplain-Ex.R' failed
    The error most likely occurred in:
    
    > ### Name: xplain
    > ### Title: Showing interpretation information for the results of a function
    > ### Aliases: xplain
    >
    > ### ** Examples
    >
    >
    > library(car)
    Loading required package: carData
    >
    > xplain(call="lm(education ~ young + income + urban, data=Anscombe)",
    + xml="http://www.zuckarelli.de/xplain/example_lm.xml")
    Error in xplain(call = "lm(education ~ young + income + urban, data=Anscombe)", :
     xplain XML file '-' does not exist.
    Execution halted
Flavor: r-oldrel-windows-ix86+x86_64