CRAN Package Check Results for Package xslt

Last updated on 2020-12-03 17:50:39 CET.

Flavor Version Tinstall Tcheck Ttotal Status Flags
r-devel-linux-x86_64-debian-clang 1.4.2 27.50 31.16 58.66 OK
r-devel-linux-x86_64-debian-gcc 1.4.2 16.81 24.46 41.27 OK
r-devel-linux-x86_64-fedora-clang 1.4.2 82.83 NOTE
r-devel-linux-x86_64-fedora-gcc 1.4.2 65.08 NOTE
r-devel-windows-ix86+x86_64 1.4.2 74.00 66.00 140.00 NOTE
r-patched-linux-x86_64 1.4.2 20.59 28.66 49.25 OK
r-patched-solaris-x86 1.4.2 75.10 OK
r-release-linux-x86_64 1.4.2 20.86 28.14 49.00 OK
r-release-macos-x86_64 1.4.2 NOTE
r-release-windows-ix86+x86_64 1.4.2 62.00 78.00 140.00 NOTE
r-oldrel-macos-x86_64 1.4.2 OK
r-oldrel-windows-ix86+x86_64 1.4.2 52.00 84.00 136.00 NOTE

Check Details

Version: 1.4.2
Check: top-level files
Result: NOTE
    ‘configure’: ‘env bash’ is not portable as bash need not be installed
Flavors: r-devel-linux-x86_64-fedora-clang, r-devel-linux-x86_64-fedora-gcc

Version: 1.4.2
Check: installed package size
Result: NOTE
     installed size is 6.9Mb
     sub-directories of 1Mb or more:
     libs 6.8Mb
Flavors: r-devel-windows-ix86+x86_64, r-release-macos-x86_64, r-release-windows-ix86+x86_64, r-oldrel-windows-ix86+x86_64