Last updated on 2022-06-26 12:55:04 CEST.
Flavor | Version | Tinstall | Tcheck | Ttotal | Status | Flags |
---|---|---|---|---|---|---|
r-devel-linux-x86_64-debian-clang | 0.1.5 | 15.58 | 126.86 | 142.44 | OK | |
r-devel-linux-x86_64-debian-gcc | 0.1.5 | 11.55 | 94.03 | 105.58 | OK | |
r-devel-linux-x86_64-fedora-clang | 0.1.5 | 181.92 | WARN | |||
r-devel-linux-x86_64-fedora-gcc | 0.1.5 | 171.54 | WARN | |||
r-devel-windows-x86_64 | 0.1.5 | 27.00 | 157.00 | 184.00 | OK | |
r-patched-linux-x86_64 | 0.1.5 | 13.69 | 117.81 | 131.50 | OK | |
r-release-linux-x86_64 | 0.1.5 | 12.39 | 118.65 | 131.04 | OK | |
r-release-macos-arm64 | 0.1.5 | 52.00 | OK | |||
r-release-macos-x86_64 | 0.1.5 | 71.00 | OK | |||
r-release-windows-x86_64 | 0.1.5 | 25.00 | 155.00 | 180.00 | OK | |
r-oldrel-macos-arm64 | 0.1.5 | 58.00 | OK | |||
r-oldrel-macos-x86_64 | 0.1.5 | 106.00 | OK | |||
r-oldrel-windows-ix86+x86_64 | 0.1.5 | 26.00 | 156.00 | 182.00 | OK |
Version: 0.1.5
Check: package dependencies
Result: WARN
Requires (indirectly) orphaned package: ‘gtools’
Flavors: r-devel-linux-x86_64-fedora-clang, r-devel-linux-x86_64-fedora-gcc