CRAN Package Check Results for Package yesno

Last updated on 2022-10-03 04:59:44 CEST.

Flavor Version Tinstall Tcheck Ttotal Status Flags
r-devel-linux-x86_64-debian-clang 0.1.2 1.71 23.28 24.99 NOTE
r-devel-linux-x86_64-debian-gcc 0.1.2 1.49 18.78 20.27 NOTE
r-devel-linux-x86_64-fedora-clang 0.1.2 43.78 NOTE
r-devel-linux-x86_64-fedora-gcc 0.1.2 41.13 NOTE
r-devel-windows-x86_64 0.1.2 10.00 59.00 69.00 NOTE
r-patched-linux-x86_64 0.1.2 1.97 22.77 24.74 NOTE
r-release-linux-x86_64 0.1.2 1.59 23.05 24.64 NOTE
r-release-macos-arm64 0.1.2 18.00 NOTE
r-release-macos-x86_64 0.1.2 23.00 NOTE
r-release-windows-x86_64 0.1.2 9.00 54.00 63.00 NOTE
r-oldrel-macos-arm64 0.1.2 22.00 NOTE
r-oldrel-macos-x86_64 0.1.2 27.00 NOTE
r-oldrel-windows-ix86+x86_64 0.1.2 5.00 47.00 52.00 NOTE

Check Details

Version: 0.1.2
Check: LazyData
Result: NOTE
     'LazyData' is specified without a 'data' directory
Flavors: r-devel-linux-x86_64-debian-clang, r-devel-linux-x86_64-debian-gcc, r-devel-linux-x86_64-fedora-clang, r-devel-linux-x86_64-fedora-gcc, r-devel-windows-x86_64, r-patched-linux-x86_64, r-release-linux-x86_64, r-release-macos-arm64, r-release-macos-x86_64, r-release-windows-x86_64, r-oldrel-macos-arm64, r-oldrel-macos-x86_64, r-oldrel-windows-ix86+x86_64