CRAN Package Check Results for Package zip

Last updated on 2024-06-19 23:57:22 CEST.

Flavor Version Tinstall Tcheck Ttotal Status Flags
r-devel-linux-x86_64-debian-clang 2.3.1 16.60 29.90 46.50 OK
r-devel-linux-x86_64-debian-gcc 2.3.1 13.29 22.95 36.24 OK
r-devel-linux-x86_64-fedora-clang 2.3.1 58.23 OK
r-devel-linux-x86_64-fedora-gcc 2.3.1 69.33 OK
r-devel-windows-x86_64 2.3.1 33.00 49.00 82.00 OK
r-patched-linux-x86_64 2.3.1 17.97 28.98 46.95 OK
r-release-linux-x86_64 2.3.1 18.03 29.28 47.31 OK
r-release-macos-arm64 2.3.1 22.00 OK
r-release-macos-x86_64 2.3.1 30.00 ERROR
r-release-windows-x86_64 2.3.1 31.00 51.00 82.00 OK
r-oldrel-macos-arm64 2.3.1 41.00 OK
r-oldrel-macos-x86_64 2.3.1 84.00 OK
r-oldrel-windows-x86_64 2.3.1 34.00 55.00 89.00 OK

Check Details

Version: 2.3.1
Check: tests
Result: ERROR Running ‘testthat.R’ [0s/0s] Running the tests in ‘tests/testthat.R’ failed. Last 13 lines of output: > library(testthat) > library(zip) Attaching package: 'zip' The following objects are masked from 'package:utils': unzip, zip > > test_check("zip") Error in loadNamespace(x) : there is no package called 'desc' Calls: test_check ... loadNamespace -> withRestarts -> withOneRestart -> doWithOneRestart Execution halted Flavor: r-release-macos-x86_64