CRAN Package Check Results for Package zipfR

Last updated on 2022-08-15 12:54:14 CEST.

Flavor Version Tinstall Tcheck Ttotal Status Flags
r-devel-linux-x86_64-debian-clang 0.6-70 9.07 110.05 119.12 OK
r-devel-linux-x86_64-debian-gcc 0.6-70 8.53 86.53 95.06 OK
r-devel-linux-x86_64-fedora-clang 0.6-70 160.18 NOTE
r-devel-linux-x86_64-fedora-gcc 0.6-70 151.55 NOTE
r-devel-windows-x86_64 0.6-70 60.00 139.00 199.00 OK
r-patched-linux-x86_64 0.6-70 10.64 100.94 111.58 OK
r-release-linux-x86_64 0.6-70 8.76 98.65 107.41 OK
r-release-macos-arm64 0.6-70 45.00 NOTE
r-release-macos-x86_64 0.6-70 64.00 NOTE
r-release-windows-x86_64 0.6-70 22.00 135.00 157.00 OK
r-oldrel-macos-arm64 0.6-70 53.00 NOTE
r-oldrel-macos-x86_64 0.6-70 101.00 NOTE
r-oldrel-windows-ix86+x86_64 0.6-70 17.00 107.00 124.00 OK

Check Details

Version: 0.6-70
Check: data for non-ASCII characters
Result: NOTE
     Note: found 146804 marked UTF-8 strings
Flavors: r-devel-linux-x86_64-fedora-clang, r-devel-linux-x86_64-fedora-gcc, r-release-macos-arm64, r-release-macos-x86_64, r-oldrel-macos-arm64, r-oldrel-macos-x86_64