CRAN Package Check Results for Package zooaRchGUI

Last updated on 2019-09-18 17:46:38 CEST.

Flavor Version Tinstall Tcheck Ttotal Status Flags
r-devel-linux-x86_64-debian-clang 1.0.2 28.31 124.93 153.24 OK
r-devel-linux-x86_64-debian-gcc 1.0.2 21.46 107.37 128.83 OK
r-devel-linux-x86_64-fedora-clang 1.0.2 175.46 OK
r-devel-linux-x86_64-fedora-gcc 1.0.2 182.30 OK
r-devel-windows-ix86+x86_64 1.0.2 75.00 279.00 354.00 OK
r-patched-linux-x86_64 1.0.2 25.59 124.49 150.08 OK
r-patched-solaris-x86 1.0.2 383.90 OK
r-release-linux-x86_64 1.0.2 25.81 122.78 148.59 OK
r-release-windows-ix86+x86_64 1.0.2 57.00 293.00 350.00 OK
r-release-osx-x86_64 1.0.2 FAIL
r-oldrel-windows-ix86+x86_64 1.0.2 38.00 181.00 219.00 OK
r-oldrel-osx-x86_64 1.0.2 OK

Check Details

Version: 1.0.2
Check: whether package can be installed
Result: FAIL
    
Flavor: r-release-osx-x86_64